{"id":866,"date":"2016-07-17T09:37:54","date_gmt":"2016-07-17T09:37:54","guid":{"rendered":"http:\/\/jadebeauty.hu\/?post_type=product&#038;p=866"},"modified":"2022-08-08T20:21:06","modified_gmt":"2022-08-08T20:21:06","slug":"relax-max-fix-favazas-masszazsagy","status":"publish","type":"product","link":"http:\/\/rekongem.hu\/?product=relax-max-fix-favazas-masszazsagy","title":{"rendered":"Relax max fix fav\u00e1zas massz\u00e1zs\u00e1gy"},"content":{"rendered":"","protected":false},"excerpt":{"rendered":"<p>A Relax k\u00e9tz\u00f3n\u00e1s fix fav\u00e1zas massz\u00e1zs\u00e1gy, fejlapj\u00e1ban arclyuk tal\u00e1lhat\u00f3.<\/p>\n<p>Haszn\u00e1lhat\u00f3 minden fajta massz\u00e1zshoz \u00e9s ter\u00e1pi\u00e1hoz.<\/p>\n<p>Az asztal m\u0171b\u0151rbevonata k\u00fcl\u00f6n v\u00e1laszthat\u00f3.<\/p>\n<ul class=\"bullet pa_content\">\n<li>Hossz\u00fas\u00e1g: 200 cm<\/li>\n<li>Sz\u00e9less\u00e9g: 70 cm<\/li>\n<li>Magass\u00e1g: 76 cm<\/li>\n<li>Fejr\u00e9sz \u00e1ll\u00edthat\u00f3: 0 \u00b0 &#8211; + 35 \u00b0<\/li>\n<li>Max. terhel\u00e9s: 240 kg<\/li>\n<li>S\u00faly: 36 kg<\/li>\n<\/ul>\n","protected":false},"featured_media":1493,"template":"","meta":[],"product_cat":[193],"product_tag":[86,192,82,194,195],"yoast_head":"<!-- This site is optimized with the Yoast SEO plugin v17.4 - https:\/\/yoast.com\/wordpress\/plugins\/seo\/ -->\n<title>Relax max fix fav\u00e1zas massz\u00e1zs\u00e1gy - Emspoma webshop<\/title>\n<meta name=\"robots\" content=\"index, follow, max-snippet:-1, max-image-preview:large, max-video-preview:-1\" \/>\n<link rel=\"canonical\" href=\"http:\/\/rekongem.hu\/?product=relax-max-fix-favazas-masszazsagy\" \/>\n<meta property=\"og:locale\" content=\"hu_HU\" \/>\n<meta property=\"og:type\" content=\"article\" \/>\n<meta property=\"og:title\" content=\"Relax max fix fav\u00e1zas massz\u00e1zs\u00e1gy - Emspoma webshop\" \/>\n<meta property=\"og:description\" content=\"A Relax k\u00e9tz\u00f3n\u00e1s fix fav\u00e1zas massz\u00e1zs\u00e1gy, fejlapj\u00e1ban arclyuk tal\u00e1lhat\u00f3. Haszn\u00e1lhat\u00f3 minden fajta massz\u00e1zshoz \u00e9s ter\u00e1pi\u00e1hoz. Az asztal m\u0171b\u0151rbevonata k\u00fcl\u00f6n v\u00e1laszthat\u00f3.  Hossz\u00fas\u00e1g: 200 cm  Sz\u00e9less\u00e9g: 70 cm  Magass\u00e1g: 76 cm  Fejr\u00e9sz \u00e1ll\u00edthat\u00f3: 0 \u00b0 - + 35 \u00b0  Max. terhel\u00e9s: 240 kg  S\u00faly: 36 kg\" \/>\n<meta property=\"og:url\" content=\"http:\/\/rekongem.hu\/?product=relax-max-fix-favazas-masszazsagy\" \/>\n<meta property=\"og:site_name\" content=\"Emspoma webshop\" \/>\n<meta property=\"article:publisher\" content=\"https:\/\/www.facebook.com\/masszazsbirodalom\/\" \/>\n<meta property=\"article:modified_time\" content=\"2022-08-08T20:21:06+00:00\" \/>\n<meta property=\"og:image\" content=\"http:\/\/rekongem.hu\/wp-content\/uploads\/2016\/09\/relax-max.jpg\" \/>\n\t<meta property=\"og:image:width\" content=\"300\" \/>\n\t<meta property=\"og:image:height\" content=\"300\" \/>\n<meta name=\"twitter:card\" content=\"summary\" \/>\n<meta name=\"twitter:site\" content=\"@masszazs_bir\" \/>\n<script type=\"application\/ld+json\" class=\"yoast-schema-graph\">{\"@context\":\"https:\/\/schema.org\",\"@graph\":[{\"@type\":\"WebSite\",\"@id\":\"http:\/\/rekongem.hu\/#website\",\"url\":\"http:\/\/rekongem.hu\/\",\"name\":\"Emspoma webshop\",\"description\":\"\",\"potentialAction\":[{\"@type\":\"SearchAction\",\"target\":{\"@type\":\"EntryPoint\",\"urlTemplate\":\"http:\/\/rekongem.hu\/?s={search_term_string}\"},\"query-input\":\"required name=search_term_string\"}],\"inLanguage\":\"hu\"},{\"@type\":\"ImageObject\",\"@id\":\"http:\/\/rekongem.hu\/?product=relax-max-fix-favazas-masszazsagy#primaryimage\",\"inLanguage\":\"hu\",\"url\":\"http:\/\/rekongem.hu\/wp-content\/uploads\/2016\/09\/relax-max.jpg\",\"contentUrl\":\"http:\/\/rekongem.hu\/wp-content\/uploads\/2016\/09\/relax-max.jpg\",\"width\":300,\"height\":300,\"caption\":\"Relax max fix fav\\u00e1zas massz\\u00e1zs\\u00e1gy\"},{\"@type\":\"WebPage\",\"@id\":\"http:\/\/rekongem.hu\/?product=relax-max-fix-favazas-masszazsagy#webpage\",\"url\":\"http:\/\/rekongem.hu\/?product=relax-max-fix-favazas-masszazsagy\",\"name\":\"Relax max fix fav\\u00e1zas massz\\u00e1zs\\u00e1gy - Emspoma webshop\",\"isPartOf\":{\"@id\":\"http:\/\/rekongem.hu\/#website\"},\"primaryImageOfPage\":{\"@id\":\"http:\/\/rekongem.hu\/?product=relax-max-fix-favazas-masszazsagy#primaryimage\"},\"datePublished\":\"2016-07-17T09:37:54+00:00\",\"dateModified\":\"2022-08-08T20:21:06+00:00\",\"breadcrumb\":{\"@id\":\"http:\/\/rekongem.hu\/?product=relax-max-fix-favazas-masszazsagy#breadcrumb\"},\"inLanguage\":\"hu\",\"potentialAction\":[{\"@type\":\"ReadAction\",\"target\":[\"http:\/\/rekongem.hu\/?product=relax-max-fix-favazas-masszazsagy\"]}]},{\"@type\":\"BreadcrumbList\",\"@id\":\"http:\/\/rekongem.hu\/?product=relax-max-fix-favazas-masszazsagy#breadcrumb\",\"itemListElement\":[{\"@type\":\"ListItem\",\"position\":1,\"name\":\"Home\",\"item\":\"http:\/\/rekongem.hu\/\"},{\"@type\":\"ListItem\",\"position\":2,\"name\":\"\\u00dczlet\",\"item\":\"http:\/\/rekongem.hu\/?page_id=4\"},{\"@type\":\"ListItem\",\"position\":3,\"name\":\"Relax max fix fav\\u00e1zas massz\\u00e1zs\\u00e1gy\"}]}]}<\/script>\n<!-- \/ Yoast SEO plugin. -->","yoast_head_json":{"title":"Relax max fix fav\u00e1zas massz\u00e1zs\u00e1gy - Emspoma webshop","robots":{"index":"index","follow":"follow","max-snippet":"max-snippet:-1","max-image-preview":"max-image-preview:large","max-video-preview":"max-video-preview:-1"},"canonical":"http:\/\/rekongem.hu\/?product=relax-max-fix-favazas-masszazsagy","og_locale":"hu_HU","og_type":"article","og_title":"Relax max fix fav\u00e1zas massz\u00e1zs\u00e1gy - Emspoma webshop","og_description":"A Relax k\u00e9tz\u00f3n\u00e1s fix fav\u00e1zas massz\u00e1zs\u00e1gy, fejlapj\u00e1ban arclyuk tal\u00e1lhat\u00f3. Haszn\u00e1lhat\u00f3 minden fajta massz\u00e1zshoz \u00e9s ter\u00e1pi\u00e1hoz. Az asztal m\u0171b\u0151rbevonata k\u00fcl\u00f6n v\u00e1laszthat\u00f3.  Hossz\u00fas\u00e1g: 200 cm  Sz\u00e9less\u00e9g: 70 cm  Magass\u00e1g: 76 cm  Fejr\u00e9sz \u00e1ll\u00edthat\u00f3: 0 \u00b0 - + 35 \u00b0  Max. terhel\u00e9s: 240 kg  S\u00faly: 36 kg","og_url":"http:\/\/rekongem.hu\/?product=relax-max-fix-favazas-masszazsagy","og_site_name":"Emspoma webshop","article_publisher":"https:\/\/www.facebook.com\/masszazsbirodalom\/","article_modified_time":"2022-08-08T20:21:06+00:00","og_image":[{"width":300,"height":300,"url":"http:\/\/rekongem.hu\/wp-content\/uploads\/2016\/09\/relax-max.jpg","type":"image\/jpeg"}],"twitter_card":"summary","twitter_site":"@masszazs_bir","schema":{"@context":"https:\/\/schema.org","@graph":[{"@type":"WebSite","@id":"http:\/\/rekongem.hu\/#website","url":"http:\/\/rekongem.hu\/","name":"Emspoma webshop","description":"","potentialAction":[{"@type":"SearchAction","target":{"@type":"EntryPoint","urlTemplate":"http:\/\/rekongem.hu\/?s={search_term_string}"},"query-input":"required name=search_term_string"}],"inLanguage":"hu"},{"@type":"ImageObject","@id":"http:\/\/rekongem.hu\/?product=relax-max-fix-favazas-masszazsagy#primaryimage","inLanguage":"hu","url":"http:\/\/rekongem.hu\/wp-content\/uploads\/2016\/09\/relax-max.jpg","contentUrl":"http:\/\/rekongem.hu\/wp-content\/uploads\/2016\/09\/relax-max.jpg","width":300,"height":300,"caption":"Relax max fix fav\u00e1zas massz\u00e1zs\u00e1gy"},{"@type":"WebPage","@id":"http:\/\/rekongem.hu\/?product=relax-max-fix-favazas-masszazsagy#webpage","url":"http:\/\/rekongem.hu\/?product=relax-max-fix-favazas-masszazsagy","name":"Relax max fix fav\u00e1zas massz\u00e1zs\u00e1gy - Emspoma webshop","isPartOf":{"@id":"http:\/\/rekongem.hu\/#website"},"primaryImageOfPage":{"@id":"http:\/\/rekongem.hu\/?product=relax-max-fix-favazas-masszazsagy#primaryimage"},"datePublished":"2016-07-17T09:37:54+00:00","dateModified":"2022-08-08T20:21:06+00:00","breadcrumb":{"@id":"http:\/\/rekongem.hu\/?product=relax-max-fix-favazas-masszazsagy#breadcrumb"},"inLanguage":"hu","potentialAction":[{"@type":"ReadAction","target":["http:\/\/rekongem.hu\/?product=relax-max-fix-favazas-masszazsagy"]}]},{"@type":"BreadcrumbList","@id":"http:\/\/rekongem.hu\/?product=relax-max-fix-favazas-masszazsagy#breadcrumb","itemListElement":[{"@type":"ListItem","position":1,"name":"Home","item":"http:\/\/rekongem.hu\/"},{"@type":"ListItem","position":2,"name":"\u00dczlet","item":"http:\/\/rekongem.hu\/?page_id=4"},{"@type":"ListItem","position":3,"name":"Relax max fix fav\u00e1zas massz\u00e1zs\u00e1gy"}]}]}},"_links":{"self":[{"href":"http:\/\/rekongem.hu\/index.php?rest_route=\/wp\/v2\/product\/866"}],"collection":[{"href":"http:\/\/rekongem.hu\/index.php?rest_route=\/wp\/v2\/product"}],"about":[{"href":"http:\/\/rekongem.hu\/index.php?rest_route=\/wp\/v2\/types\/product"}],"wp:featuredmedia":[{"embeddable":true,"href":"http:\/\/rekongem.hu\/index.php?rest_route=\/wp\/v2\/media\/1493"}],"wp:attachment":[{"href":"http:\/\/rekongem.hu\/index.php?rest_route=%2Fwp%2Fv2%2Fmedia&parent=866"}],"wp:term":[{"taxonomy":"product_cat","embeddable":true,"href":"http:\/\/rekongem.hu\/index.php?rest_route=%2Fwp%2Fv2%2Fproduct_cat&post=866"},{"taxonomy":"product_tag","embeddable":true,"href":"http:\/\/rekongem.hu\/index.php?rest_route=%2Fwp%2Fv2%2Fproduct_tag&post=866"}],"curies":[{"name":"wp","href":"https:\/\/api.w.org\/{rel}","templated":true}]}}