{"id":772,"date":"2016-07-12T20:13:32","date_gmt":"2016-07-12T20:13:32","guid":{"rendered":"http:\/\/jadebeauty.hu\/?post_type=product&#038;p=772"},"modified":"2026-01-14T07:56:22","modified_gmt":"2026-01-14T07:56:22","slug":"dr-kelen-sport-start-bemelegito-gel-150-ml","status":"publish","type":"product","link":"http:\/\/rekongem.hu\/?product=dr-kelen-sport-start-bemelegito-gel-150-ml","title":{"rendered":"Dr.Kelen Sport bemeleg\u00edt\u0151 g\u00e9l 175 ml"},"content":{"rendered":"","protected":false},"excerpt":{"rendered":"<p>A bed\u00f6rzs\u00f6l\u0151 g\u00e9l haszn\u00e1lata\u00a0profi \u00e9s amat\u0151r sportol\u00f3knak\u00a0edz\u00e9sek el\u0151tti bemeleg\u00edt\u00e9sn\u00e9l, neh\u00e9z fizikai ig\u00e9nybev\u00e9telt megel\u0151z\u0151en aj\u00e1nlott. Haszn\u00e1lat\u00e1val a s\u00e9r\u00fcl\u00e9sek kock\u00e1zata, a t\u00falterhel\u00e9s vesz\u00e9lye cs\u00f6kken, a teljes\u00edtm\u00e9ny javul, a bemeleg\u00edt\u00e9si id\u0151 ler\u00f6vid\u00edthet\u0151. A fokozott terhel\u00e9snek kitett testr\u00e9sz bed\u00f6rzs\u00f6l\u00e9se el\u0151seg\u00edti, hogy az izmok optim\u00e1lis \u00e1llapotba ker\u00fcljenek, v\u00e9r- \u00e9s oxig\u00e9nell\u00e1t\u00e1suk javuljon. Alapanyaga a j\u00f3l ismert s\u00f3sborszesz, melynek rendk\u00edv\u00fcl kedvez\u0151 hat\u00e1s\u00e1t koncentr\u00e1lt gy\u00f3gyn\u00f6v\u00e9ny-kivonatokb\u00f3l \u00e1ll\u00f3 \u00fan. Herbal-System fokozza. A k\u00e9sz\u00edtm\u00e9ny gyorsan besz\u00edv\u00f3dik, mezen nem hagy foltot \u00e9s a b\u0151r nem ragad. Felvitelt k\u00f6vet\u0151en cs\u00edp\u0151s, kellemes meleg \u00e9rzet, esetenk\u00e9nt b\u0151rp\u00edr jelzi a g\u00e9l kering\u00e9sfokoz\u00f3, bemeleg\u00edt\u0151 hat\u00e1s\u00e1t.<\/p>\n","protected":false},"featured_media":2740,"template":"","meta":[],"product_cat":[168,13],"product_tag":[14,169,90,172,12],"yoast_head":"<!-- This site is optimized with the Yoast SEO plugin v17.4 - https:\/\/yoast.com\/wordpress\/plugins\/seo\/ -->\n<title>Dr.Kelen Sport bemeleg\u00edt\u0151 g\u00e9l 175 ml - Emspoma webshop<\/title>\n<meta name=\"robots\" content=\"index, follow, max-snippet:-1, max-image-preview:large, max-video-preview:-1\" \/>\n<link rel=\"canonical\" href=\"http:\/\/rekongem.hu\/?product=dr-kelen-sport-start-bemelegito-gel-150-ml\" \/>\n<meta property=\"og:locale\" content=\"hu_HU\" \/>\n<meta property=\"og:type\" content=\"article\" \/>\n<meta property=\"og:title\" content=\"Dr.Kelen Sport bemeleg\u00edt\u0151 g\u00e9l 175 ml - Emspoma webshop\" \/>\n<meta property=\"og:description\" content=\"A bed\u00f6rzs\u00f6l\u0151 g\u00e9l haszn\u00e1lata\u00a0profi \u00e9s amat\u0151r sportol\u00f3knak\u00a0edz\u00e9sek el\u0151tti bemeleg\u00edt\u00e9sn\u00e9l, neh\u00e9z fizikai ig\u00e9nybev\u00e9telt megel\u0151z\u0151en aj\u00e1nlott. Haszn\u00e1lat\u00e1val a s\u00e9r\u00fcl\u00e9sek kock\u00e1zata, a t\u00falterhel\u00e9s vesz\u00e9lye cs\u00f6kken, a teljes\u00edtm\u00e9ny javul, a bemeleg\u00edt\u00e9si id\u0151 ler\u00f6vid\u00edthet\u0151. A fokozott terhel\u00e9snek kitett testr\u00e9sz bed\u00f6rzs\u00f6l\u00e9se el\u0151seg\u00edti, hogy az izmok optim\u00e1lis \u00e1llapotba ker\u00fcljenek, v\u00e9r- \u00e9s oxig\u00e9nell\u00e1t\u00e1suk javuljon. Alapanyaga a j\u00f3l ismert s\u00f3sborszesz, melynek rendk\u00edv\u00fcl kedvez\u0151 hat\u00e1s\u00e1t koncentr\u00e1lt gy\u00f3gyn\u00f6v\u00e9ny-kivonatokb\u00f3l \u00e1ll\u00f3 \u00fan. Herbal-System fokozza. A k\u00e9sz\u00edtm\u00e9ny gyorsan besz\u00edv\u00f3dik, mezen nem hagy foltot \u00e9s a b\u0151r nem ragad. Felvitelt k\u00f6vet\u0151en cs\u00edp\u0151s, kellemes meleg \u00e9rzet, esetenk\u00e9nt b\u0151rp\u00edr jelzi a g\u00e9l kering\u00e9sfokoz\u00f3, bemeleg\u00edt\u0151 hat\u00e1s\u00e1t.\" \/>\n<meta property=\"og:url\" content=\"http:\/\/rekongem.hu\/?product=dr-kelen-sport-start-bemelegito-gel-150-ml\" \/>\n<meta property=\"og:site_name\" content=\"Emspoma webshop\" \/>\n<meta property=\"article:publisher\" content=\"https:\/\/www.facebook.com\/masszazsbirodalom\/\" \/>\n<meta property=\"article:modified_time\" content=\"2026-01-14T07:56:22+00:00\" \/>\n<meta property=\"og:image\" content=\"http:\/\/rekongem.hu\/wp-content\/uploads\/2025\/01\/Dr.Kelen-Sport-Start-bemelegito-gel-150-ml.jpg\" \/>\n\t<meta property=\"og:image:width\" content=\"400\" \/>\n\t<meta property=\"og:image:height\" content=\"400\" \/>\n<meta name=\"twitter:card\" content=\"summary\" \/>\n<meta name=\"twitter:site\" content=\"@masszazs_bir\" \/>\n<script type=\"application\/ld+json\" class=\"yoast-schema-graph\">{\"@context\":\"https:\/\/schema.org\",\"@graph\":[{\"@type\":\"WebSite\",\"@id\":\"http:\/\/rekongem.hu\/#website\",\"url\":\"http:\/\/rekongem.hu\/\",\"name\":\"Emspoma webshop\",\"description\":\"\",\"potentialAction\":[{\"@type\":\"SearchAction\",\"target\":{\"@type\":\"EntryPoint\",\"urlTemplate\":\"http:\/\/rekongem.hu\/?s={search_term_string}\"},\"query-input\":\"required name=search_term_string\"}],\"inLanguage\":\"hu\"},{\"@type\":\"ImageObject\",\"@id\":\"http:\/\/rekongem.hu\/?product=dr-kelen-sport-start-bemelegito-gel-150-ml#primaryimage\",\"inLanguage\":\"hu\",\"url\":\"http:\/\/rekongem.hu\/wp-content\/uploads\/2025\/01\/Dr.Kelen-Sport-Start-bemelegito-gel-150-ml.jpg\",\"contentUrl\":\"http:\/\/rekongem.hu\/wp-content\/uploads\/2025\/01\/Dr.Kelen-Sport-Start-bemelegito-gel-150-ml.jpg\",\"width\":400,\"height\":400},{\"@type\":\"WebPage\",\"@id\":\"http:\/\/rekongem.hu\/?product=dr-kelen-sport-start-bemelegito-gel-150-ml#webpage\",\"url\":\"http:\/\/rekongem.hu\/?product=dr-kelen-sport-start-bemelegito-gel-150-ml\",\"name\":\"Dr.Kelen Sport bemeleg\\u00edt\\u0151 g\\u00e9l 175 ml - Emspoma webshop\",\"isPartOf\":{\"@id\":\"http:\/\/rekongem.hu\/#website\"},\"primaryImageOfPage\":{\"@id\":\"http:\/\/rekongem.hu\/?product=dr-kelen-sport-start-bemelegito-gel-150-ml#primaryimage\"},\"datePublished\":\"2016-07-12T20:13:32+00:00\",\"dateModified\":\"2026-01-14T07:56:22+00:00\",\"breadcrumb\":{\"@id\":\"http:\/\/rekongem.hu\/?product=dr-kelen-sport-start-bemelegito-gel-150-ml#breadcrumb\"},\"inLanguage\":\"hu\",\"potentialAction\":[{\"@type\":\"ReadAction\",\"target\":[\"http:\/\/rekongem.hu\/?product=dr-kelen-sport-start-bemelegito-gel-150-ml\"]}]},{\"@type\":\"BreadcrumbList\",\"@id\":\"http:\/\/rekongem.hu\/?product=dr-kelen-sport-start-bemelegito-gel-150-ml#breadcrumb\",\"itemListElement\":[{\"@type\":\"ListItem\",\"position\":1,\"name\":\"Home\",\"item\":\"http:\/\/rekongem.hu\/\"},{\"@type\":\"ListItem\",\"position\":2,\"name\":\"\\u00dczlet\",\"item\":\"http:\/\/rekongem.hu\/?page_id=4\"},{\"@type\":\"ListItem\",\"position\":3,\"name\":\"Dr.Kelen Sport bemeleg\\u00edt\\u0151 g\\u00e9l 175 ml\"}]}]}<\/script>\n<!-- \/ Yoast SEO plugin. -->","yoast_head_json":{"title":"Dr.Kelen Sport bemeleg\u00edt\u0151 g\u00e9l 175 ml - Emspoma webshop","robots":{"index":"index","follow":"follow","max-snippet":"max-snippet:-1","max-image-preview":"max-image-preview:large","max-video-preview":"max-video-preview:-1"},"canonical":"http:\/\/rekongem.hu\/?product=dr-kelen-sport-start-bemelegito-gel-150-ml","og_locale":"hu_HU","og_type":"article","og_title":"Dr.Kelen Sport bemeleg\u00edt\u0151 g\u00e9l 175 ml - Emspoma webshop","og_description":"A bed\u00f6rzs\u00f6l\u0151 g\u00e9l haszn\u00e1lata\u00a0profi \u00e9s amat\u0151r sportol\u00f3knak\u00a0edz\u00e9sek el\u0151tti bemeleg\u00edt\u00e9sn\u00e9l, neh\u00e9z fizikai ig\u00e9nybev\u00e9telt megel\u0151z\u0151en aj\u00e1nlott. Haszn\u00e1lat\u00e1val a s\u00e9r\u00fcl\u00e9sek kock\u00e1zata, a t\u00falterhel\u00e9s vesz\u00e9lye cs\u00f6kken, a teljes\u00edtm\u00e9ny javul, a bemeleg\u00edt\u00e9si id\u0151 ler\u00f6vid\u00edthet\u0151. A fokozott terhel\u00e9snek kitett testr\u00e9sz bed\u00f6rzs\u00f6l\u00e9se el\u0151seg\u00edti, hogy az izmok optim\u00e1lis \u00e1llapotba ker\u00fcljenek, v\u00e9r- \u00e9s oxig\u00e9nell\u00e1t\u00e1suk javuljon. Alapanyaga a j\u00f3l ismert s\u00f3sborszesz, melynek rendk\u00edv\u00fcl kedvez\u0151 hat\u00e1s\u00e1t koncentr\u00e1lt gy\u00f3gyn\u00f6v\u00e9ny-kivonatokb\u00f3l \u00e1ll\u00f3 \u00fan. Herbal-System fokozza. A k\u00e9sz\u00edtm\u00e9ny gyorsan besz\u00edv\u00f3dik, mezen nem hagy foltot \u00e9s a b\u0151r nem ragad. Felvitelt k\u00f6vet\u0151en cs\u00edp\u0151s, kellemes meleg \u00e9rzet, esetenk\u00e9nt b\u0151rp\u00edr jelzi a g\u00e9l kering\u00e9sfokoz\u00f3, bemeleg\u00edt\u0151 hat\u00e1s\u00e1t.","og_url":"http:\/\/rekongem.hu\/?product=dr-kelen-sport-start-bemelegito-gel-150-ml","og_site_name":"Emspoma webshop","article_publisher":"https:\/\/www.facebook.com\/masszazsbirodalom\/","article_modified_time":"2026-01-14T07:56:22+00:00","og_image":[{"width":400,"height":400,"url":"http:\/\/rekongem.hu\/wp-content\/uploads\/2025\/01\/Dr.Kelen-Sport-Start-bemelegito-gel-150-ml.jpg","type":"image\/jpeg"}],"twitter_card":"summary","twitter_site":"@masszazs_bir","schema":{"@context":"https:\/\/schema.org","@graph":[{"@type":"WebSite","@id":"http:\/\/rekongem.hu\/#website","url":"http:\/\/rekongem.hu\/","name":"Emspoma webshop","description":"","potentialAction":[{"@type":"SearchAction","target":{"@type":"EntryPoint","urlTemplate":"http:\/\/rekongem.hu\/?s={search_term_string}"},"query-input":"required name=search_term_string"}],"inLanguage":"hu"},{"@type":"ImageObject","@id":"http:\/\/rekongem.hu\/?product=dr-kelen-sport-start-bemelegito-gel-150-ml#primaryimage","inLanguage":"hu","url":"http:\/\/rekongem.hu\/wp-content\/uploads\/2025\/01\/Dr.Kelen-Sport-Start-bemelegito-gel-150-ml.jpg","contentUrl":"http:\/\/rekongem.hu\/wp-content\/uploads\/2025\/01\/Dr.Kelen-Sport-Start-bemelegito-gel-150-ml.jpg","width":400,"height":400},{"@type":"WebPage","@id":"http:\/\/rekongem.hu\/?product=dr-kelen-sport-start-bemelegito-gel-150-ml#webpage","url":"http:\/\/rekongem.hu\/?product=dr-kelen-sport-start-bemelegito-gel-150-ml","name":"Dr.Kelen Sport bemeleg\u00edt\u0151 g\u00e9l 175 ml - Emspoma webshop","isPartOf":{"@id":"http:\/\/rekongem.hu\/#website"},"primaryImageOfPage":{"@id":"http:\/\/rekongem.hu\/?product=dr-kelen-sport-start-bemelegito-gel-150-ml#primaryimage"},"datePublished":"2016-07-12T20:13:32+00:00","dateModified":"2026-01-14T07:56:22+00:00","breadcrumb":{"@id":"http:\/\/rekongem.hu\/?product=dr-kelen-sport-start-bemelegito-gel-150-ml#breadcrumb"},"inLanguage":"hu","potentialAction":[{"@type":"ReadAction","target":["http:\/\/rekongem.hu\/?product=dr-kelen-sport-start-bemelegito-gel-150-ml"]}]},{"@type":"BreadcrumbList","@id":"http:\/\/rekongem.hu\/?product=dr-kelen-sport-start-bemelegito-gel-150-ml#breadcrumb","itemListElement":[{"@type":"ListItem","position":1,"name":"Home","item":"http:\/\/rekongem.hu\/"},{"@type":"ListItem","position":2,"name":"\u00dczlet","item":"http:\/\/rekongem.hu\/?page_id=4"},{"@type":"ListItem","position":3,"name":"Dr.Kelen Sport bemeleg\u00edt\u0151 g\u00e9l 175 ml"}]}]}},"_links":{"self":[{"href":"http:\/\/rekongem.hu\/index.php?rest_route=\/wp\/v2\/product\/772"}],"collection":[{"href":"http:\/\/rekongem.hu\/index.php?rest_route=\/wp\/v2\/product"}],"about":[{"href":"http:\/\/rekongem.hu\/index.php?rest_route=\/wp\/v2\/types\/product"}],"wp:featuredmedia":[{"embeddable":true,"href":"http:\/\/rekongem.hu\/index.php?rest_route=\/wp\/v2\/media\/2740"}],"wp:attachment":[{"href":"http:\/\/rekongem.hu\/index.php?rest_route=%2Fwp%2Fv2%2Fmedia&parent=772"}],"wp:term":[{"taxonomy":"product_cat","embeddable":true,"href":"http:\/\/rekongem.hu\/index.php?rest_route=%2Fwp%2Fv2%2Fproduct_cat&post=772"},{"taxonomy":"product_tag","embeddable":true,"href":"http:\/\/rekongem.hu\/index.php?rest_route=%2Fwp%2Fv2%2Fproduct_tag&post=772"}],"curies":[{"name":"wp","href":"https:\/\/api.w.org\/{rel}","templated":true}]}}