{"id":762,"date":"2016-07-12T19:03:10","date_gmt":"2016-07-12T19:03:10","guid":{"rendered":"http:\/\/jadebeauty.hu\/?post_type=product&#038;p=762"},"modified":"2026-01-14T07:56:22","modified_gmt":"2026-01-14T07:56:22","slug":"luna-kamforos-sosborszesz-gel-150-ml","status":"publish","type":"product","link":"http:\/\/rekongem.hu\/?product=luna-kamforos-sosborszesz-gel-150-ml","title":{"rendered":"Dr.Kelen K\u00e1mforos s\u00f3sborszesz g\u00e9l 150 ml"},"content":{"rendered":"","protected":false},"excerpt":{"rendered":"<p>T\u00f6bbf\u00e9le napi probl\u00e9ma eset\u00e9n ide\u00e1lis k\u00e9sz\u00edtm\u00e9ny. H\u00e1t-, der\u00e9k-, nyakf\u00e1j\u00e1s \u00e9s egy\u00e9b mozg\u00e1sszervi panaszokn\u00e1l aj\u00e1nlott bed\u00f6rzs\u00f6l\u0151 kozmetikai k\u00e9sz\u00edtm\u00e9ny. Sikerrel alkalmazhat\u00f3 izomh\u00faz\u00f3d\u00e1s, z\u00faz\u00f3d\u00e1s, izoml\u00e1z eset\u00e9n, meger\u0151ltet\u0151 munka ut\u00e1n, gy\u00f3gytorna el\u0151tt. Hosszan tart\u00f3 fekv\u00e9s eset\u00e9n a testet \u00e1td\u00f6rzs\u00f6lve pezsd\u00edt\u0151 hat\u00e1s\u00fa. Azonnal besz\u00edv\u00f3dik, nem hagy zs\u00edros nyomot a ruh\u00e1n. Kellemesen h\u0171s\u00edt, friss\u00edt.<\/p>\n","protected":false},"featured_media":2737,"template":"","meta":[],"product_cat":[61,153],"product_tag":[90,163,152,154],"yoast_head":"<!-- This site is optimized with the Yoast SEO plugin v17.4 - https:\/\/yoast.com\/wordpress\/plugins\/seo\/ -->\n<title>Dr.Kelen K\u00e1mforos s\u00f3sborszesz g\u00e9l 150 ml - Emspoma webshop<\/title>\n<meta name=\"robots\" content=\"index, follow, max-snippet:-1, max-image-preview:large, max-video-preview:-1\" \/>\n<link rel=\"canonical\" href=\"http:\/\/rekongem.hu\/?product=luna-kamforos-sosborszesz-gel-150-ml\" \/>\n<meta property=\"og:locale\" content=\"hu_HU\" \/>\n<meta property=\"og:type\" content=\"article\" \/>\n<meta property=\"og:title\" content=\"Dr.Kelen K\u00e1mforos s\u00f3sborszesz g\u00e9l 150 ml - Emspoma webshop\" \/>\n<meta property=\"og:description\" content=\"T\u00f6bbf\u00e9le napi probl\u00e9ma eset\u00e9n ide\u00e1lis k\u00e9sz\u00edtm\u00e9ny. H\u00e1t-, der\u00e9k-, nyakf\u00e1j\u00e1s \u00e9s egy\u00e9b mozg\u00e1sszervi panaszokn\u00e1l aj\u00e1nlott bed\u00f6rzs\u00f6l\u0151 kozmetikai k\u00e9sz\u00edtm\u00e9ny. Sikerrel alkalmazhat\u00f3 izomh\u00faz\u00f3d\u00e1s, z\u00faz\u00f3d\u00e1s, izoml\u00e1z eset\u00e9n, meger\u0151ltet\u0151 munka ut\u00e1n, gy\u00f3gytorna el\u0151tt. Hosszan tart\u00f3 fekv\u00e9s eset\u00e9n a testet \u00e1td\u00f6rzs\u00f6lve pezsd\u00edt\u0151 hat\u00e1s\u00fa. Azonnal besz\u00edv\u00f3dik, nem hagy zs\u00edros nyomot a ruh\u00e1n. Kellemesen h\u0171s\u00edt, friss\u00edt.\" \/>\n<meta property=\"og:url\" content=\"http:\/\/rekongem.hu\/?product=luna-kamforos-sosborszesz-gel-150-ml\" \/>\n<meta property=\"og:site_name\" content=\"Emspoma webshop\" \/>\n<meta property=\"article:publisher\" content=\"https:\/\/www.facebook.com\/masszazsbirodalom\/\" \/>\n<meta property=\"article:modified_time\" content=\"2026-01-14T07:56:22+00:00\" \/>\n<meta property=\"og:image\" content=\"http:\/\/rekongem.hu\/wp-content\/uploads\/2025\/01\/LUNA-Kamforos-sosborszesz-gel-150-ml.jpg\" \/>\n\t<meta property=\"og:image:width\" content=\"400\" \/>\n\t<meta property=\"og:image:height\" content=\"400\" \/>\n<meta name=\"twitter:card\" content=\"summary\" \/>\n<meta name=\"twitter:site\" content=\"@masszazs_bir\" \/>\n<script type=\"application\/ld+json\" class=\"yoast-schema-graph\">{\"@context\":\"https:\/\/schema.org\",\"@graph\":[{\"@type\":\"WebSite\",\"@id\":\"http:\/\/rekongem.hu\/#website\",\"url\":\"http:\/\/rekongem.hu\/\",\"name\":\"Emspoma webshop\",\"description\":\"\",\"potentialAction\":[{\"@type\":\"SearchAction\",\"target\":{\"@type\":\"EntryPoint\",\"urlTemplate\":\"http:\/\/rekongem.hu\/?s={search_term_string}\"},\"query-input\":\"required name=search_term_string\"}],\"inLanguage\":\"hu\"},{\"@type\":\"ImageObject\",\"@id\":\"http:\/\/rekongem.hu\/?product=luna-kamforos-sosborszesz-gel-150-ml#primaryimage\",\"inLanguage\":\"hu\",\"url\":\"http:\/\/rekongem.hu\/wp-content\/uploads\/2025\/01\/LUNA-Kamforos-sosborszesz-gel-150-ml.jpg\",\"contentUrl\":\"http:\/\/rekongem.hu\/wp-content\/uploads\/2025\/01\/LUNA-Kamforos-sosborszesz-gel-150-ml.jpg\",\"width\":400,\"height\":400},{\"@type\":\"WebPage\",\"@id\":\"http:\/\/rekongem.hu\/?product=luna-kamforos-sosborszesz-gel-150-ml#webpage\",\"url\":\"http:\/\/rekongem.hu\/?product=luna-kamforos-sosborszesz-gel-150-ml\",\"name\":\"Dr.Kelen K\\u00e1mforos s\\u00f3sborszesz g\\u00e9l 150 ml - Emspoma webshop\",\"isPartOf\":{\"@id\":\"http:\/\/rekongem.hu\/#website\"},\"primaryImageOfPage\":{\"@id\":\"http:\/\/rekongem.hu\/?product=luna-kamforos-sosborszesz-gel-150-ml#primaryimage\"},\"datePublished\":\"2016-07-12T19:03:10+00:00\",\"dateModified\":\"2026-01-14T07:56:22+00:00\",\"breadcrumb\":{\"@id\":\"http:\/\/rekongem.hu\/?product=luna-kamforos-sosborszesz-gel-150-ml#breadcrumb\"},\"inLanguage\":\"hu\",\"potentialAction\":[{\"@type\":\"ReadAction\",\"target\":[\"http:\/\/rekongem.hu\/?product=luna-kamforos-sosborszesz-gel-150-ml\"]}]},{\"@type\":\"BreadcrumbList\",\"@id\":\"http:\/\/rekongem.hu\/?product=luna-kamforos-sosborszesz-gel-150-ml#breadcrumb\",\"itemListElement\":[{\"@type\":\"ListItem\",\"position\":1,\"name\":\"Home\",\"item\":\"http:\/\/rekongem.hu\/\"},{\"@type\":\"ListItem\",\"position\":2,\"name\":\"\\u00dczlet\",\"item\":\"http:\/\/rekongem.hu\/?page_id=4\"},{\"@type\":\"ListItem\",\"position\":3,\"name\":\"Dr.Kelen K\\u00e1mforos s\\u00f3sborszesz g\\u00e9l 150 ml\"}]}]}<\/script>\n<!-- \/ Yoast SEO plugin. -->","yoast_head_json":{"title":"Dr.Kelen K\u00e1mforos s\u00f3sborszesz g\u00e9l 150 ml - Emspoma webshop","robots":{"index":"index","follow":"follow","max-snippet":"max-snippet:-1","max-image-preview":"max-image-preview:large","max-video-preview":"max-video-preview:-1"},"canonical":"http:\/\/rekongem.hu\/?product=luna-kamforos-sosborszesz-gel-150-ml","og_locale":"hu_HU","og_type":"article","og_title":"Dr.Kelen K\u00e1mforos s\u00f3sborszesz g\u00e9l 150 ml - Emspoma webshop","og_description":"T\u00f6bbf\u00e9le napi probl\u00e9ma eset\u00e9n ide\u00e1lis k\u00e9sz\u00edtm\u00e9ny. H\u00e1t-, der\u00e9k-, nyakf\u00e1j\u00e1s \u00e9s egy\u00e9b mozg\u00e1sszervi panaszokn\u00e1l aj\u00e1nlott bed\u00f6rzs\u00f6l\u0151 kozmetikai k\u00e9sz\u00edtm\u00e9ny. Sikerrel alkalmazhat\u00f3 izomh\u00faz\u00f3d\u00e1s, z\u00faz\u00f3d\u00e1s, izoml\u00e1z eset\u00e9n, meger\u0151ltet\u0151 munka ut\u00e1n, gy\u00f3gytorna el\u0151tt. Hosszan tart\u00f3 fekv\u00e9s eset\u00e9n a testet \u00e1td\u00f6rzs\u00f6lve pezsd\u00edt\u0151 hat\u00e1s\u00fa. Azonnal besz\u00edv\u00f3dik, nem hagy zs\u00edros nyomot a ruh\u00e1n. Kellemesen h\u0171s\u00edt, friss\u00edt.","og_url":"http:\/\/rekongem.hu\/?product=luna-kamforos-sosborszesz-gel-150-ml","og_site_name":"Emspoma webshop","article_publisher":"https:\/\/www.facebook.com\/masszazsbirodalom\/","article_modified_time":"2026-01-14T07:56:22+00:00","og_image":[{"width":400,"height":400,"url":"http:\/\/rekongem.hu\/wp-content\/uploads\/2025\/01\/LUNA-Kamforos-sosborszesz-gel-150-ml.jpg","type":"image\/jpeg"}],"twitter_card":"summary","twitter_site":"@masszazs_bir","schema":{"@context":"https:\/\/schema.org","@graph":[{"@type":"WebSite","@id":"http:\/\/rekongem.hu\/#website","url":"http:\/\/rekongem.hu\/","name":"Emspoma webshop","description":"","potentialAction":[{"@type":"SearchAction","target":{"@type":"EntryPoint","urlTemplate":"http:\/\/rekongem.hu\/?s={search_term_string}"},"query-input":"required name=search_term_string"}],"inLanguage":"hu"},{"@type":"ImageObject","@id":"http:\/\/rekongem.hu\/?product=luna-kamforos-sosborszesz-gel-150-ml#primaryimage","inLanguage":"hu","url":"http:\/\/rekongem.hu\/wp-content\/uploads\/2025\/01\/LUNA-Kamforos-sosborszesz-gel-150-ml.jpg","contentUrl":"http:\/\/rekongem.hu\/wp-content\/uploads\/2025\/01\/LUNA-Kamforos-sosborszesz-gel-150-ml.jpg","width":400,"height":400},{"@type":"WebPage","@id":"http:\/\/rekongem.hu\/?product=luna-kamforos-sosborszesz-gel-150-ml#webpage","url":"http:\/\/rekongem.hu\/?product=luna-kamforos-sosborszesz-gel-150-ml","name":"Dr.Kelen K\u00e1mforos s\u00f3sborszesz g\u00e9l 150 ml - Emspoma webshop","isPartOf":{"@id":"http:\/\/rekongem.hu\/#website"},"primaryImageOfPage":{"@id":"http:\/\/rekongem.hu\/?product=luna-kamforos-sosborszesz-gel-150-ml#primaryimage"},"datePublished":"2016-07-12T19:03:10+00:00","dateModified":"2026-01-14T07:56:22+00:00","breadcrumb":{"@id":"http:\/\/rekongem.hu\/?product=luna-kamforos-sosborszesz-gel-150-ml#breadcrumb"},"inLanguage":"hu","potentialAction":[{"@type":"ReadAction","target":["http:\/\/rekongem.hu\/?product=luna-kamforos-sosborszesz-gel-150-ml"]}]},{"@type":"BreadcrumbList","@id":"http:\/\/rekongem.hu\/?product=luna-kamforos-sosborszesz-gel-150-ml#breadcrumb","itemListElement":[{"@type":"ListItem","position":1,"name":"Home","item":"http:\/\/rekongem.hu\/"},{"@type":"ListItem","position":2,"name":"\u00dczlet","item":"http:\/\/rekongem.hu\/?page_id=4"},{"@type":"ListItem","position":3,"name":"Dr.Kelen K\u00e1mforos s\u00f3sborszesz g\u00e9l 150 ml"}]}]}},"_links":{"self":[{"href":"http:\/\/rekongem.hu\/index.php?rest_route=\/wp\/v2\/product\/762"}],"collection":[{"href":"http:\/\/rekongem.hu\/index.php?rest_route=\/wp\/v2\/product"}],"about":[{"href":"http:\/\/rekongem.hu\/index.php?rest_route=\/wp\/v2\/types\/product"}],"wp:featuredmedia":[{"embeddable":true,"href":"http:\/\/rekongem.hu\/index.php?rest_route=\/wp\/v2\/media\/2737"}],"wp:attachment":[{"href":"http:\/\/rekongem.hu\/index.php?rest_route=%2Fwp%2Fv2%2Fmedia&parent=762"}],"wp:term":[{"taxonomy":"product_cat","embeddable":true,"href":"http:\/\/rekongem.hu\/index.php?rest_route=%2Fwp%2Fv2%2Fproduct_cat&post=762"},{"taxonomy":"product_tag","embeddable":true,"href":"http:\/\/rekongem.hu\/index.php?rest_route=%2Fwp%2Fv2%2Fproduct_tag&post=762"}],"curies":[{"name":"wp","href":"https:\/\/api.w.org\/{rel}","templated":true}]}}