{"id":696,"date":"2016-07-09T18:54:40","date_gmt":"2016-07-09T18:54:40","guid":{"rendered":"http:\/\/jadebeauty.hu\/?post_type=product&#038;p=696"},"modified":"2025-06-21T17:40:07","modified_gmt":"2025-06-21T17:40:07","slug":"lady-stella-zsiregeto-kremgel-fahej-500-ml","status":"publish","type":"product","link":"http:\/\/rekongem.hu\/?product=lady-stella-zsiregeto-kremgel-fahej-500-ml","title":{"rendered":"Lady STELLA Zs\u00edr\u00e9get\u0151 Kr\u00e9mg\u00e9l Fah\u00e9j Olajjal 500 ml"},"content":{"rendered":"","protected":false},"excerpt":{"rendered":"<p>Alakform\u00e1l\u00f3 narancsb\u0151r elleni kr\u00e9mg\u00e9l. Magas koncentr\u00e1ci\u00f3j\u00fa term\u00e9szetes hat\u00f3anyagai fokozz\u00e1k a sejtek anyagcser\u00e9j\u00e9t, a salakanyagok \u00e9s m\u00e9reganyagok elsz\u00e1ll\u00edt\u00e1s\u00e1t. A probl\u00e9m\u00e1s ter\u00fcleteken (has, fen\u00e9k, comb, cs\u00edp\u0151) cs\u00f6kkenti a nemk\u00edv\u00e1natos zs\u00edrlerak\u00f3d\u00e1st, a narancsb\u0151r t\u00fcneteit \u00e9s a zs\u00edrok be\u00e9p\u00fcl\u00e9s\u00e9t a sz\u00f6vetekbe. A k\u00e1ros anyagok ki\u00fcr\u00fcl\u00e9s\u00e9vel a sz\u00f6vetek visszanyerik rugalmass\u00e1gukat. Rendszeres haszn\u00e1lat mellett az eredm\u00e9ny ak\u00e1r centim\u00e9terekben is m\u00e9rhet\u0151.<\/p>\n","protected":false},"featured_media":2505,"template":"","meta":[],"product_cat":[23,37,92],"product_tag":[95,91,11,93,103],"yoast_head":"<!-- This site is optimized with the Yoast SEO plugin v17.4 - https:\/\/yoast.com\/wordpress\/plugins\/seo\/ -->\n<title>Lady STELLA Zs\u00edr\u00e9get\u0151 Kr\u00e9mg\u00e9l Fah\u00e9j Olajjal 500 ml - Emspoma webshop<\/title>\n<meta name=\"robots\" content=\"index, follow, max-snippet:-1, max-image-preview:large, max-video-preview:-1\" \/>\n<link rel=\"canonical\" href=\"http:\/\/rekongem.hu\/?product=lady-stella-zsiregeto-kremgel-fahej-500-ml\" \/>\n<meta property=\"og:locale\" content=\"hu_HU\" \/>\n<meta property=\"og:type\" content=\"article\" \/>\n<meta property=\"og:title\" content=\"Lady STELLA Zs\u00edr\u00e9get\u0151 Kr\u00e9mg\u00e9l Fah\u00e9j Olajjal 500 ml - Emspoma webshop\" \/>\n<meta property=\"og:description\" content=\"Alakform\u00e1l\u00f3 narancsb\u0151r elleni kr\u00e9mg\u00e9l. Magas koncentr\u00e1ci\u00f3j\u00fa term\u00e9szetes hat\u00f3anyagai fokozz\u00e1k a sejtek anyagcser\u00e9j\u00e9t, a salakanyagok \u00e9s m\u00e9reganyagok elsz\u00e1ll\u00edt\u00e1s\u00e1t. A probl\u00e9m\u00e1s ter\u00fcleteken (has, fen\u00e9k, comb, cs\u00edp\u0151) cs\u00f6kkenti a nemk\u00edv\u00e1natos zs\u00edrlerak\u00f3d\u00e1st, a narancsb\u0151r t\u00fcneteit \u00e9s a zs\u00edrok be\u00e9p\u00fcl\u00e9s\u00e9t a sz\u00f6vetekbe. A k\u00e1ros anyagok ki\u00fcr\u00fcl\u00e9s\u00e9vel a sz\u00f6vetek visszanyerik rugalmass\u00e1gukat. Rendszeres haszn\u00e1lat mellett az eredm\u00e9ny ak\u00e1r centim\u00e9terekben is m\u00e9rhet\u0151.\" \/>\n<meta property=\"og:url\" content=\"http:\/\/rekongem.hu\/?product=lady-stella-zsiregeto-kremgel-fahej-500-ml\" \/>\n<meta property=\"og:site_name\" content=\"Emspoma webshop\" \/>\n<meta property=\"article:publisher\" content=\"https:\/\/www.facebook.com\/masszazsbirodalom\/\" \/>\n<meta property=\"article:modified_time\" content=\"2025-06-21T17:40:07+00:00\" \/>\n<meta property=\"og:image\" content=\"http:\/\/rekongem.hu\/wp-content\/uploads\/2016\/07\/Lady-Stella-Zs\u00edr\u00e9get\u0151-kr\u00e9mg\u00e9l-fah\u00e9j-500-ml.jpg\" \/>\n\t<meta property=\"og:image:width\" content=\"400\" \/>\n\t<meta property=\"og:image:height\" content=\"400\" \/>\n<meta name=\"twitter:card\" content=\"summary\" \/>\n<meta name=\"twitter:site\" content=\"@masszazs_bir\" \/>\n<script type=\"application\/ld+json\" class=\"yoast-schema-graph\">{\"@context\":\"https:\/\/schema.org\",\"@graph\":[{\"@type\":\"WebSite\",\"@id\":\"http:\/\/rekongem.hu\/#website\",\"url\":\"http:\/\/rekongem.hu\/\",\"name\":\"Emspoma webshop\",\"description\":\"\",\"potentialAction\":[{\"@type\":\"SearchAction\",\"target\":{\"@type\":\"EntryPoint\",\"urlTemplate\":\"http:\/\/rekongem.hu\/?s={search_term_string}\"},\"query-input\":\"required name=search_term_string\"}],\"inLanguage\":\"hu\"},{\"@type\":\"ImageObject\",\"@id\":\"http:\/\/rekongem.hu\/?product=lady-stella-zsiregeto-kremgel-fahej-500-ml#primaryimage\",\"inLanguage\":\"hu\",\"url\":\"http:\/\/rekongem.hu\/wp-content\/uploads\/2016\/07\/Lady-Stella-Zs\\u00edr\\u00e9get\\u0151-kr\\u00e9mg\\u00e9l-fah\\u00e9j-500-ml.jpg\",\"contentUrl\":\"http:\/\/rekongem.hu\/wp-content\/uploads\/2016\/07\/Lady-Stella-Zs\\u00edr\\u00e9get\\u0151-kr\\u00e9mg\\u00e9l-fah\\u00e9j-500-ml.jpg\",\"width\":400,\"height\":400,\"caption\":\"Lady Stella Zs\\u00edr\\u00e9get\\u0151 kr\\u00e9mg\\u00e9l fah\\u00e9j 500 ml\"},{\"@type\":\"WebPage\",\"@id\":\"http:\/\/rekongem.hu\/?product=lady-stella-zsiregeto-kremgel-fahej-500-ml#webpage\",\"url\":\"http:\/\/rekongem.hu\/?product=lady-stella-zsiregeto-kremgel-fahej-500-ml\",\"name\":\"Lady STELLA Zs\\u00edr\\u00e9get\\u0151 Kr\\u00e9mg\\u00e9l Fah\\u00e9j Olajjal 500 ml - Emspoma webshop\",\"isPartOf\":{\"@id\":\"http:\/\/rekongem.hu\/#website\"},\"primaryImageOfPage\":{\"@id\":\"http:\/\/rekongem.hu\/?product=lady-stella-zsiregeto-kremgel-fahej-500-ml#primaryimage\"},\"datePublished\":\"2016-07-09T18:54:40+00:00\",\"dateModified\":\"2025-06-21T17:40:07+00:00\",\"breadcrumb\":{\"@id\":\"http:\/\/rekongem.hu\/?product=lady-stella-zsiregeto-kremgel-fahej-500-ml#breadcrumb\"},\"inLanguage\":\"hu\",\"potentialAction\":[{\"@type\":\"ReadAction\",\"target\":[\"http:\/\/rekongem.hu\/?product=lady-stella-zsiregeto-kremgel-fahej-500-ml\"]}]},{\"@type\":\"BreadcrumbList\",\"@id\":\"http:\/\/rekongem.hu\/?product=lady-stella-zsiregeto-kremgel-fahej-500-ml#breadcrumb\",\"itemListElement\":[{\"@type\":\"ListItem\",\"position\":1,\"name\":\"Home\",\"item\":\"http:\/\/rekongem.hu\/\"},{\"@type\":\"ListItem\",\"position\":2,\"name\":\"\\u00dczlet\",\"item\":\"http:\/\/rekongem.hu\/?page_id=4\"},{\"@type\":\"ListItem\",\"position\":3,\"name\":\"Lady STELLA Zs\\u00edr\\u00e9get\\u0151 Kr\\u00e9mg\\u00e9l Fah\\u00e9j Olajjal 500 ml\"}]}]}<\/script>\n<!-- \/ Yoast SEO plugin. -->","yoast_head_json":{"title":"Lady STELLA Zs\u00edr\u00e9get\u0151 Kr\u00e9mg\u00e9l Fah\u00e9j Olajjal 500 ml - Emspoma webshop","robots":{"index":"index","follow":"follow","max-snippet":"max-snippet:-1","max-image-preview":"max-image-preview:large","max-video-preview":"max-video-preview:-1"},"canonical":"http:\/\/rekongem.hu\/?product=lady-stella-zsiregeto-kremgel-fahej-500-ml","og_locale":"hu_HU","og_type":"article","og_title":"Lady STELLA Zs\u00edr\u00e9get\u0151 Kr\u00e9mg\u00e9l Fah\u00e9j Olajjal 500 ml - Emspoma webshop","og_description":"Alakform\u00e1l\u00f3 narancsb\u0151r elleni kr\u00e9mg\u00e9l. Magas koncentr\u00e1ci\u00f3j\u00fa term\u00e9szetes hat\u00f3anyagai fokozz\u00e1k a sejtek anyagcser\u00e9j\u00e9t, a salakanyagok \u00e9s m\u00e9reganyagok elsz\u00e1ll\u00edt\u00e1s\u00e1t. A probl\u00e9m\u00e1s ter\u00fcleteken (has, fen\u00e9k, comb, cs\u00edp\u0151) cs\u00f6kkenti a nemk\u00edv\u00e1natos zs\u00edrlerak\u00f3d\u00e1st, a narancsb\u0151r t\u00fcneteit \u00e9s a zs\u00edrok be\u00e9p\u00fcl\u00e9s\u00e9t a sz\u00f6vetekbe. A k\u00e1ros anyagok ki\u00fcr\u00fcl\u00e9s\u00e9vel a sz\u00f6vetek visszanyerik rugalmass\u00e1gukat. Rendszeres haszn\u00e1lat mellett az eredm\u00e9ny ak\u00e1r centim\u00e9terekben is m\u00e9rhet\u0151.","og_url":"http:\/\/rekongem.hu\/?product=lady-stella-zsiregeto-kremgel-fahej-500-ml","og_site_name":"Emspoma webshop","article_publisher":"https:\/\/www.facebook.com\/masszazsbirodalom\/","article_modified_time":"2025-06-21T17:40:07+00:00","og_image":[{"width":400,"height":400,"url":"http:\/\/rekongem.hu\/wp-content\/uploads\/2016\/07\/Lady-Stella-Zs\u00edr\u00e9get\u0151-kr\u00e9mg\u00e9l-fah\u00e9j-500-ml.jpg","type":"image\/jpeg"}],"twitter_card":"summary","twitter_site":"@masszazs_bir","schema":{"@context":"https:\/\/schema.org","@graph":[{"@type":"WebSite","@id":"http:\/\/rekongem.hu\/#website","url":"http:\/\/rekongem.hu\/","name":"Emspoma webshop","description":"","potentialAction":[{"@type":"SearchAction","target":{"@type":"EntryPoint","urlTemplate":"http:\/\/rekongem.hu\/?s={search_term_string}"},"query-input":"required name=search_term_string"}],"inLanguage":"hu"},{"@type":"ImageObject","@id":"http:\/\/rekongem.hu\/?product=lady-stella-zsiregeto-kremgel-fahej-500-ml#primaryimage","inLanguage":"hu","url":"http:\/\/rekongem.hu\/wp-content\/uploads\/2016\/07\/Lady-Stella-Zs\u00edr\u00e9get\u0151-kr\u00e9mg\u00e9l-fah\u00e9j-500-ml.jpg","contentUrl":"http:\/\/rekongem.hu\/wp-content\/uploads\/2016\/07\/Lady-Stella-Zs\u00edr\u00e9get\u0151-kr\u00e9mg\u00e9l-fah\u00e9j-500-ml.jpg","width":400,"height":400,"caption":"Lady Stella Zs\u00edr\u00e9get\u0151 kr\u00e9mg\u00e9l fah\u00e9j 500 ml"},{"@type":"WebPage","@id":"http:\/\/rekongem.hu\/?product=lady-stella-zsiregeto-kremgel-fahej-500-ml#webpage","url":"http:\/\/rekongem.hu\/?product=lady-stella-zsiregeto-kremgel-fahej-500-ml","name":"Lady STELLA Zs\u00edr\u00e9get\u0151 Kr\u00e9mg\u00e9l Fah\u00e9j Olajjal 500 ml - Emspoma webshop","isPartOf":{"@id":"http:\/\/rekongem.hu\/#website"},"primaryImageOfPage":{"@id":"http:\/\/rekongem.hu\/?product=lady-stella-zsiregeto-kremgel-fahej-500-ml#primaryimage"},"datePublished":"2016-07-09T18:54:40+00:00","dateModified":"2025-06-21T17:40:07+00:00","breadcrumb":{"@id":"http:\/\/rekongem.hu\/?product=lady-stella-zsiregeto-kremgel-fahej-500-ml#breadcrumb"},"inLanguage":"hu","potentialAction":[{"@type":"ReadAction","target":["http:\/\/rekongem.hu\/?product=lady-stella-zsiregeto-kremgel-fahej-500-ml"]}]},{"@type":"BreadcrumbList","@id":"http:\/\/rekongem.hu\/?product=lady-stella-zsiregeto-kremgel-fahej-500-ml#breadcrumb","itemListElement":[{"@type":"ListItem","position":1,"name":"Home","item":"http:\/\/rekongem.hu\/"},{"@type":"ListItem","position":2,"name":"\u00dczlet","item":"http:\/\/rekongem.hu\/?page_id=4"},{"@type":"ListItem","position":3,"name":"Lady STELLA Zs\u00edr\u00e9get\u0151 Kr\u00e9mg\u00e9l Fah\u00e9j Olajjal 500 ml"}]}]}},"_links":{"self":[{"href":"http:\/\/rekongem.hu\/index.php?rest_route=\/wp\/v2\/product\/696"}],"collection":[{"href":"http:\/\/rekongem.hu\/index.php?rest_route=\/wp\/v2\/product"}],"about":[{"href":"http:\/\/rekongem.hu\/index.php?rest_route=\/wp\/v2\/types\/product"}],"wp:featuredmedia":[{"embeddable":true,"href":"http:\/\/rekongem.hu\/index.php?rest_route=\/wp\/v2\/media\/2505"}],"wp:attachment":[{"href":"http:\/\/rekongem.hu\/index.php?rest_route=%2Fwp%2Fv2%2Fmedia&parent=696"}],"wp:term":[{"taxonomy":"product_cat","embeddable":true,"href":"http:\/\/rekongem.hu\/index.php?rest_route=%2Fwp%2Fv2%2Fproduct_cat&post=696"},{"taxonomy":"product_tag","embeddable":true,"href":"http:\/\/rekongem.hu\/index.php?rest_route=%2Fwp%2Fv2%2Fproduct_tag&post=696"}],"curies":[{"name":"wp","href":"https:\/\/api.w.org\/{rel}","templated":true}]}}