{"id":661,"date":"2016-07-09T12:13:39","date_gmt":"2016-07-09T12:13:39","guid":{"rendered":"http:\/\/jadebeauty.hu\/?post_type=product&#038;p=661"},"modified":"2025-06-21T17:30:33","modified_gmt":"2025-06-21T17:30:33","slug":"body-complex-slim-contour-cool-active-ice-gel-500-ml","status":"publish","type":"product","link":"http:\/\/rekongem.hu\/?product=body-complex-slim-contour-cool-active-ice-gel-500-ml","title":{"rendered":"Lady STELLA Bodycomplex Slim Contour Ice G\u00e9l 500 ml"},"content":{"rendered":"","protected":false},"excerpt":{"rendered":"<p>A test probl\u00e9m\u00e1s ter\u00fcletein jelentkez\u0151 cellulit okozta sz\u00e9ps\u00e9ghib\u00e1k hat\u00e9kony alakform\u00e1l\u00f3 kezel\u00e9s\u00e9re. Alkalmazhat\u00f3 \u00e9rz\u00e9keny, hajsz\u00e1l\u00e9r t\u00e1gulatos visszeres vagy arra hajlamos b\u0151rt\u00edpusokn\u00e1l. H\u0171s\u00edt\u0151 mentolt \u00e9s k\u00e1mfort tartalmaz,a vadgesztenye kivonat, citrom- \u00e9s borsmentaolaj gyullad\u00e1scs\u00f6kkent\u0151 komponenseivel. A mentol a k\u00e1mforral egy\u00fcttesen a b\u0151r h\u0151m\u00e9rs\u00e9klet\u00e9t cs\u00f6kkenti, oldja az izmok merevs\u00e9g\u00e9t, k\u00f6nny\u00edt az elnehez\u00fclt l\u00e1b \u00e9rzet\u00e9n \u00e9s intenz\u00edven jav\u00edtja a b\u0151r rugalmass\u00e1g\u00e1t. A vadgesztenye kivonat, citrom- \u00e9s borsmentaolaj jav\u00edtja a hajsz\u00e1lerek \u00e1llapot\u00e1t \u00e9s cs\u00f6kkenti a v\u00edz visszatart\u00e1s\u00e1t.H\u0171t\u0151 hat\u00e1sa \u00e9l\u00e9nk\u00edti az anyagcsere folyamatot a b\u0151rben, seg\u00edt ki\u00fcr\u00edteni a lerak\u00f3dott salakanyagokat. Parab\u00e9n-,TEA, illat- \u00e9s sz\u00ednez\u0151anyag mentes.<\/p>\n","protected":false},"featured_media":2516,"template":"","meta":[],"product_cat":[61,37,92],"product_tag":[90,9,91,93],"yoast_head":"<!-- This site is optimized with the Yoast SEO plugin v17.4 - https:\/\/yoast.com\/wordpress\/plugins\/seo\/ -->\n<title>Lady STELLA Bodycomplex Slim Contour Ice G\u00e9l 500 ml - Emspoma webshop<\/title>\n<meta name=\"robots\" content=\"index, follow, max-snippet:-1, max-image-preview:large, max-video-preview:-1\" \/>\n<link rel=\"canonical\" href=\"http:\/\/rekongem.hu\/?product=body-complex-slim-contour-cool-active-ice-gel-500-ml\" \/>\n<meta property=\"og:locale\" content=\"hu_HU\" \/>\n<meta property=\"og:type\" content=\"article\" \/>\n<meta property=\"og:title\" content=\"Lady STELLA Bodycomplex Slim Contour Ice G\u00e9l 500 ml - Emspoma webshop\" \/>\n<meta property=\"og:description\" content=\"A test probl\u00e9m\u00e1s ter\u00fcletein jelentkez\u0151 cellulit okozta sz\u00e9ps\u00e9ghib\u00e1k hat\u00e9kony alakform\u00e1l\u00f3 kezel\u00e9s\u00e9re. Alkalmazhat\u00f3 \u00e9rz\u00e9keny, hajsz\u00e1l\u00e9r t\u00e1gulatos visszeres vagy arra hajlamos b\u0151rt\u00edpusokn\u00e1l. H\u0171s\u00edt\u0151 mentolt \u00e9s k\u00e1mfort tartalmaz,a vadgesztenye kivonat, citrom- \u00e9s borsmentaolaj gyullad\u00e1scs\u00f6kkent\u0151 komponenseivel. A mentol a k\u00e1mforral egy\u00fcttesen a b\u0151r h\u0151m\u00e9rs\u00e9klet\u00e9t cs\u00f6kkenti, oldja az izmok merevs\u00e9g\u00e9t, k\u00f6nny\u00edt az elnehez\u00fclt l\u00e1b \u00e9rzet\u00e9n \u00e9s intenz\u00edven jav\u00edtja a b\u0151r rugalmass\u00e1g\u00e1t. A vadgesztenye kivonat, citrom- \u00e9s borsmentaolaj jav\u00edtja a hajsz\u00e1lerek \u00e1llapot\u00e1t \u00e9s cs\u00f6kkenti a v\u00edz visszatart\u00e1s\u00e1t.H\u0171t\u0151 hat\u00e1sa \u00e9l\u00e9nk\u00edti az anyagcsere folyamatot a b\u0151rben, seg\u00edt ki\u00fcr\u00edteni a lerak\u00f3dott salakanyagokat. Parab\u00e9n-,TEA, illat- \u00e9s sz\u00ednez\u0151anyag mentes.\" \/>\n<meta property=\"og:url\" content=\"http:\/\/rekongem.hu\/?product=body-complex-slim-contour-cool-active-ice-gel-500-ml\" \/>\n<meta property=\"og:site_name\" content=\"Emspoma webshop\" \/>\n<meta property=\"article:publisher\" content=\"https:\/\/www.facebook.com\/masszazsbirodalom\/\" \/>\n<meta property=\"article:modified_time\" content=\"2025-06-21T17:30:33+00:00\" \/>\n<meta property=\"og:image\" content=\"http:\/\/rekongem.hu\/wp-content\/uploads\/2016\/07\/Body-Complex-Slim-Contour-Cool-active-ice-g\u00e9l-500-ml.jpg\" \/>\n\t<meta property=\"og:image:width\" content=\"400\" \/>\n\t<meta property=\"og:image:height\" content=\"400\" \/>\n<meta name=\"twitter:card\" content=\"summary\" \/>\n<meta name=\"twitter:site\" content=\"@masszazs_bir\" \/>\n<script type=\"application\/ld+json\" class=\"yoast-schema-graph\">{\"@context\":\"https:\/\/schema.org\",\"@graph\":[{\"@type\":\"WebSite\",\"@id\":\"http:\/\/rekongem.hu\/#website\",\"url\":\"http:\/\/rekongem.hu\/\",\"name\":\"Emspoma webshop\",\"description\":\"\",\"potentialAction\":[{\"@type\":\"SearchAction\",\"target\":{\"@type\":\"EntryPoint\",\"urlTemplate\":\"http:\/\/rekongem.hu\/?s={search_term_string}\"},\"query-input\":\"required name=search_term_string\"}],\"inLanguage\":\"hu\"},{\"@type\":\"ImageObject\",\"@id\":\"http:\/\/rekongem.hu\/?product=body-complex-slim-contour-cool-active-ice-gel-500-ml#primaryimage\",\"inLanguage\":\"hu\",\"url\":\"http:\/\/rekongem.hu\/wp-content\/uploads\/2016\/07\/Body-Complex-Slim-Contour-Cool-active-ice-g\\u00e9l-500-ml.jpg\",\"contentUrl\":\"http:\/\/rekongem.hu\/wp-content\/uploads\/2016\/07\/Body-Complex-Slim-Contour-Cool-active-ice-g\\u00e9l-500-ml.jpg\",\"width\":400,\"height\":400,\"caption\":\"Body Complex Slim Contour Cool active ice g\\u00e9l 500 ml\"},{\"@type\":\"WebPage\",\"@id\":\"http:\/\/rekongem.hu\/?product=body-complex-slim-contour-cool-active-ice-gel-500-ml#webpage\",\"url\":\"http:\/\/rekongem.hu\/?product=body-complex-slim-contour-cool-active-ice-gel-500-ml\",\"name\":\"Lady STELLA Bodycomplex Slim Contour Ice G\\u00e9l 500 ml - Emspoma webshop\",\"isPartOf\":{\"@id\":\"http:\/\/rekongem.hu\/#website\"},\"primaryImageOfPage\":{\"@id\":\"http:\/\/rekongem.hu\/?product=body-complex-slim-contour-cool-active-ice-gel-500-ml#primaryimage\"},\"datePublished\":\"2016-07-09T12:13:39+00:00\",\"dateModified\":\"2025-06-21T17:30:33+00:00\",\"breadcrumb\":{\"@id\":\"http:\/\/rekongem.hu\/?product=body-complex-slim-contour-cool-active-ice-gel-500-ml#breadcrumb\"},\"inLanguage\":\"hu\",\"potentialAction\":[{\"@type\":\"ReadAction\",\"target\":[\"http:\/\/rekongem.hu\/?product=body-complex-slim-contour-cool-active-ice-gel-500-ml\"]}]},{\"@type\":\"BreadcrumbList\",\"@id\":\"http:\/\/rekongem.hu\/?product=body-complex-slim-contour-cool-active-ice-gel-500-ml#breadcrumb\",\"itemListElement\":[{\"@type\":\"ListItem\",\"position\":1,\"name\":\"Home\",\"item\":\"http:\/\/rekongem.hu\/\"},{\"@type\":\"ListItem\",\"position\":2,\"name\":\"\\u00dczlet\",\"item\":\"http:\/\/rekongem.hu\/?page_id=4\"},{\"@type\":\"ListItem\",\"position\":3,\"name\":\"Lady STELLA Bodycomplex Slim Contour Ice G\\u00e9l 500 ml\"}]}]}<\/script>\n<!-- \/ Yoast SEO plugin. -->","yoast_head_json":{"title":"Lady STELLA Bodycomplex Slim Contour Ice G\u00e9l 500 ml - Emspoma webshop","robots":{"index":"index","follow":"follow","max-snippet":"max-snippet:-1","max-image-preview":"max-image-preview:large","max-video-preview":"max-video-preview:-1"},"canonical":"http:\/\/rekongem.hu\/?product=body-complex-slim-contour-cool-active-ice-gel-500-ml","og_locale":"hu_HU","og_type":"article","og_title":"Lady STELLA Bodycomplex Slim Contour Ice G\u00e9l 500 ml - Emspoma webshop","og_description":"A test probl\u00e9m\u00e1s ter\u00fcletein jelentkez\u0151 cellulit okozta sz\u00e9ps\u00e9ghib\u00e1k hat\u00e9kony alakform\u00e1l\u00f3 kezel\u00e9s\u00e9re. Alkalmazhat\u00f3 \u00e9rz\u00e9keny, hajsz\u00e1l\u00e9r t\u00e1gulatos visszeres vagy arra hajlamos b\u0151rt\u00edpusokn\u00e1l. H\u0171s\u00edt\u0151 mentolt \u00e9s k\u00e1mfort tartalmaz,a vadgesztenye kivonat, citrom- \u00e9s borsmentaolaj gyullad\u00e1scs\u00f6kkent\u0151 komponenseivel. A mentol a k\u00e1mforral egy\u00fcttesen a b\u0151r h\u0151m\u00e9rs\u00e9klet\u00e9t cs\u00f6kkenti, oldja az izmok merevs\u00e9g\u00e9t, k\u00f6nny\u00edt az elnehez\u00fclt l\u00e1b \u00e9rzet\u00e9n \u00e9s intenz\u00edven jav\u00edtja a b\u0151r rugalmass\u00e1g\u00e1t. A vadgesztenye kivonat, citrom- \u00e9s borsmentaolaj jav\u00edtja a hajsz\u00e1lerek \u00e1llapot\u00e1t \u00e9s cs\u00f6kkenti a v\u00edz visszatart\u00e1s\u00e1t.H\u0171t\u0151 hat\u00e1sa \u00e9l\u00e9nk\u00edti az anyagcsere folyamatot a b\u0151rben, seg\u00edt ki\u00fcr\u00edteni a lerak\u00f3dott salakanyagokat. Parab\u00e9n-,TEA, illat- \u00e9s sz\u00ednez\u0151anyag mentes.","og_url":"http:\/\/rekongem.hu\/?product=body-complex-slim-contour-cool-active-ice-gel-500-ml","og_site_name":"Emspoma webshop","article_publisher":"https:\/\/www.facebook.com\/masszazsbirodalom\/","article_modified_time":"2025-06-21T17:30:33+00:00","og_image":[{"width":400,"height":400,"url":"http:\/\/rekongem.hu\/wp-content\/uploads\/2016\/07\/Body-Complex-Slim-Contour-Cool-active-ice-g\u00e9l-500-ml.jpg","type":"image\/jpeg"}],"twitter_card":"summary","twitter_site":"@masszazs_bir","schema":{"@context":"https:\/\/schema.org","@graph":[{"@type":"WebSite","@id":"http:\/\/rekongem.hu\/#website","url":"http:\/\/rekongem.hu\/","name":"Emspoma webshop","description":"","potentialAction":[{"@type":"SearchAction","target":{"@type":"EntryPoint","urlTemplate":"http:\/\/rekongem.hu\/?s={search_term_string}"},"query-input":"required name=search_term_string"}],"inLanguage":"hu"},{"@type":"ImageObject","@id":"http:\/\/rekongem.hu\/?product=body-complex-slim-contour-cool-active-ice-gel-500-ml#primaryimage","inLanguage":"hu","url":"http:\/\/rekongem.hu\/wp-content\/uploads\/2016\/07\/Body-Complex-Slim-Contour-Cool-active-ice-g\u00e9l-500-ml.jpg","contentUrl":"http:\/\/rekongem.hu\/wp-content\/uploads\/2016\/07\/Body-Complex-Slim-Contour-Cool-active-ice-g\u00e9l-500-ml.jpg","width":400,"height":400,"caption":"Body Complex Slim Contour Cool active ice g\u00e9l 500 ml"},{"@type":"WebPage","@id":"http:\/\/rekongem.hu\/?product=body-complex-slim-contour-cool-active-ice-gel-500-ml#webpage","url":"http:\/\/rekongem.hu\/?product=body-complex-slim-contour-cool-active-ice-gel-500-ml","name":"Lady STELLA Bodycomplex Slim Contour Ice G\u00e9l 500 ml - Emspoma webshop","isPartOf":{"@id":"http:\/\/rekongem.hu\/#website"},"primaryImageOfPage":{"@id":"http:\/\/rekongem.hu\/?product=body-complex-slim-contour-cool-active-ice-gel-500-ml#primaryimage"},"datePublished":"2016-07-09T12:13:39+00:00","dateModified":"2025-06-21T17:30:33+00:00","breadcrumb":{"@id":"http:\/\/rekongem.hu\/?product=body-complex-slim-contour-cool-active-ice-gel-500-ml#breadcrumb"},"inLanguage":"hu","potentialAction":[{"@type":"ReadAction","target":["http:\/\/rekongem.hu\/?product=body-complex-slim-contour-cool-active-ice-gel-500-ml"]}]},{"@type":"BreadcrumbList","@id":"http:\/\/rekongem.hu\/?product=body-complex-slim-contour-cool-active-ice-gel-500-ml#breadcrumb","itemListElement":[{"@type":"ListItem","position":1,"name":"Home","item":"http:\/\/rekongem.hu\/"},{"@type":"ListItem","position":2,"name":"\u00dczlet","item":"http:\/\/rekongem.hu\/?page_id=4"},{"@type":"ListItem","position":3,"name":"Lady STELLA Bodycomplex Slim Contour Ice G\u00e9l 500 ml"}]}]}},"_links":{"self":[{"href":"http:\/\/rekongem.hu\/index.php?rest_route=\/wp\/v2\/product\/661"}],"collection":[{"href":"http:\/\/rekongem.hu\/index.php?rest_route=\/wp\/v2\/product"}],"about":[{"href":"http:\/\/rekongem.hu\/index.php?rest_route=\/wp\/v2\/types\/product"}],"wp:featuredmedia":[{"embeddable":true,"href":"http:\/\/rekongem.hu\/index.php?rest_route=\/wp\/v2\/media\/2516"}],"wp:attachment":[{"href":"http:\/\/rekongem.hu\/index.php?rest_route=%2Fwp%2Fv2%2Fmedia&parent=661"}],"wp:term":[{"taxonomy":"product_cat","embeddable":true,"href":"http:\/\/rekongem.hu\/index.php?rest_route=%2Fwp%2Fv2%2Fproduct_cat&post=661"},{"taxonomy":"product_tag","embeddable":true,"href":"http:\/\/rekongem.hu\/index.php?rest_route=%2Fwp%2Fv2%2Fproduct_tag&post=661"}],"curies":[{"name":"wp","href":"https:\/\/api.w.org\/{rel}","templated":true}]}}